
Let q = 107 - -1681. List the prime factors of q.
2, 3, 149
Suppose -3*r = -346 - 2186. List the prime factors of r.
2, 211
Suppose -o + x = -0*o - 412, 0 = -2*x - 10. Suppose a - o = -2*s, a = 4*s + 4*a - 813. What are the prime factors of s?
2, 3, 17
Let x(o) = 8*o**2 - o**3 + 3*o + 8*o - 8 + 2*o. Suppose -7*q = -9*q + 18. List the prime factors of x(q).
2, 7
Let j be 2/3*189/14. Let l(q) = -j*q - 6 - 7*q**2 - q**3 - 9 + 7. List the prime factors of l(-6).
2, 5
Suppose 774 = 9*y - 207. What are the prime factors of y?
109
Let g = -222 - -718. List the prime factors of g.
2, 31
Let p(m) = -m + 10. Let f be p(11). Let w(c) = -2*c**2. Let k be w(f). List the prime factors of 0/(-6 + 2) - k.
2
Let l(d) = 4*d - 3*d + 24 + 0*d + 6*d. List the prime factors of l(7).
73
Let p = -4 + 4. Suppose 0 = -o + i + 11 - 6, 2*i + 10 = p. Suppose o = -5*y + 4*y + 16. List the prime factors of y.
2
Let a(c) be the second derivative of -c**4/12 - 7*c**3/6 + 5*c**2/2 + 13*c. Let j(i) = -5*i**2 + 1. Let t be j(1). What are the prime factors of a(t)?
17
What are the prime factors of -10*(1552/25)/(1/(-5))?
2, 97
Let m(q) = -q**2 + 12*q - 7. Let s be m(10). Suppose -k - 5*g - s = 0, -2*k - 3*k + 4 = 2*g. Let j = 25 + k. What are the prime factors of j?
3
Suppose -20 = 5*n - 10*n, 3*n = -4*t + 224. Let x = t + 4. What are the prime factors of x?
3, 19
Let d(n) = 5*n**2 - 5*n - 2. Let o be d(6). Let l be (o + 6/(-2))/1. Let g = -87 + l. What are the prime factors of g?
2, 29
Suppose 0*f + 12*f - 1584 = 0. Suppose 4*s + 3*h - f = -35, 4*s - 85 = h. What are the prime factors of s?
2, 11
Suppose 0 = 2*s - 0*s. Suppose i = -3*c - 4, s*i + 3*c = -2*i + 1. Suppose 0 = -3*d - 4*a + 31, 0 = d - 2*a - 22 + i. List the prime factors of d.
13
Suppose 428 = -3*c - 0*i - 2*i, 408 = -3*c + 3*i. List the prime factors of (c/(-12) - 2)*3.
29
Suppose 0 = -3*h - 5*d - 583, 2*h - 2*d - d + 357 = 0. What are the prime factors of -4 - (1 + h) - -2?
3, 61
Let g = 987 - 541. List the prime factors of g.
2, 223
Let v be (-1)/1*(3 + -1). Let z be (5 + v)/((-9)/(-6)). Suppose 0 = -z*m + 4*m - 44. What are the prime factors of m?
2, 11
Suppose 4*l + 15629 = 5*h, h - 3123 = -64*l + 62*l. What are the prime factors of h?
5
Let w = 171 + -107. Let v = 203 - w. What are the prime factors of v?
139
What are the prime factors of 12 + -4 - 11 - -1759?
2, 439
Let t be (-8)/(0 + 2) + (9 - 1). Suppose t*s - 7 = 2*p - 165, 4*p - 280 = -4*s. What are the prime factors of p?
73
Let d be ((-2)/(-4))/((-3)/(-2 - -44)). Let n(p) = -p**2 - 8*p + 17. What are the prime factors of n(d)?
2, 3
Let d = -18 + -35. Let x = d - -133. Let w = x - 57. What are the prime factors of w?
23
Suppose 4*p - 5*f - 294 = 8787, -3*f = -5*p + 11361. What are the prime factors of p?
2, 3, 379
Suppose 5*w - 5 = -g, 5*g - 5 = -5*w - 0. Suppose -2*v + 5 = w. Suppose 12 = z + v. What are the prime factors of z?
2, 5
Suppose 3*t + 17*l = 15*l + 15264, 3*l + 25440 = 5*t. What are the prime factors of t?
2, 3, 53
Suppose -7*q + 10*q = 0. Suppose q = 4*s - 8, -3*f + 3*s - 5 = -11. Suppose -f*r + 105 - 21 = 0. What are the prime factors of r?
3, 7
Let p = 3 + 4. Suppose -2*d + 24 - p = 3*f, -3*d = f - 15. Suppose -r = d*s - 41, r - 4*s - 25 = -0. What are the prime factors of r?
3, 11
Suppose 2*p = -4, -4*u + p - 650 = -3256. What are the prime factors of u?
3, 7, 31
Let j(g) = -g**3 + 6*g**2 + 2*g - 9. Let c be j(6). Let u be 7 + -5 + 145 + 1. Suppose c*l + 49 - u = 0. List the prime factors of l.
3, 11
Let j = 1 - -6. Let y = -7 + 9. Suppose -y*f + 13 + j = 0. List the prime factors of f.
2, 5
Let q = 4 + -3. Let d = 10 + q. Suppose 0 = -3*p + d + 28. What are the prime factors of p?
13
Suppose 4*s - 3*s - 1992 = -3*b, -4*s + 1328 = 2*b. List the prime factors of b.
2, 83
Let r = -925 - -1308. List the prime factors of r.
383
Suppose -13*f = -24*f + 15554. What are the prime factors of f?
2, 7, 101
Let i(d) = 14*d**2 - 27*d + 2. What are the prime factors of i(7)?
499
Suppose 0 = -u - q + 1036, 3*q + 10 = 3*u - 3080. List the prime factors of u.
1033
Let l(y) be the first derivative of 2*y**2 - y - 1. Let d be l(1). Suppose -f + 82 = f + 3*g, -d*g = -f + 23. What are the prime factors of f?
5, 7
Let o be 5 + ((-441)/81 - 8/(-18)). Let b be (-2)/(-5) + (-176)/(-10). Suppose -2*h + 92 = 2*l, h - l - b - 32 = o. What are the prime factors of h?
2, 3
Suppose -2*t = -0*t - 224. Suppose t = d - 3. What are the prime factors of d?
5, 23
Let f = 16 - -16. Suppose -z = -2*m + 130, 0 = -m - 5*z + 11 + f. What are the prime factors of m?
3, 7
Let f = 13 + -2. Suppose 0 = -3*k + t + 3 + f, -5*k + 26 = t. What are the prime factors of k?
5
Let a(d) = 19*d + 78. What are the prime factors of a(18)?
2, 3, 5, 7
Let m(j) = 27*j**2 - 8*j + 5. What are the prime factors of m(3)?
2, 7
Suppose -4*d = 12, 5*v + 4 = -4*d + 2. Let r(o) = 6*o**2 + v + 4 - 5*o - 4*o + o**3 + 3. List the prime factors of r(-7).
23
Let q(g) = -27*g + 4. Let s be q(-3). Suppose s = -5*r + 30. List the prime factors of (r/(-2))/((-1)/(-2)).
11
Let w be 4/2 + 5 + -7. Let d(z) = z**2 - 2*z - 23. Let t(l) = 3*l**2 - 6*l - 69. Let a(q) = 17*d(q) - 6*t(q). List the prime factors of a(w).
23
Let p = -525 + 868. What are the prime factors of p?
7
Suppose -5*d + 807 = m + 14, -821 = -m + 2*d. List the prime factors of m.
3, 271
Suppose p = 5*l - 10*l + 46, 0 = -3*l + 5*p + 50. Let r(d) = -3*d - 6. Let f be r(l). Let y = -24 - f. What are the prime factors of y?
2, 3
What are the prime factors of ((-30)/(-18))/(4 - (-383)/(-96))?
2, 5
Suppose -2 = -14*v + 40. What are the prime factors of 281/v - 40/(-30)?
5, 19
Let q(u) be the first derivative of u**4/4 + 7*u**3/3 + 2*u**2 + 6*u - 5. Let c be q(-5). Let l = -22 + c. List the prime factors of l.
2, 7
Suppose -3*u + 1333 - 413 = 5*c, 0 = -5*u. Suppose c - 19 = -5*s. Let t = s + 64. List the prime factors of t.
31
Suppose 3*u - 2*b = 1112, -3*b + 720 = 2*u + b. What are the prime factors of u?
2, 23
Let b be 0 + 1 + (-2)/6*-3. Suppose -3*y + 317 = -x, -b*y - 2*x = -7*y + 530. What are the prime factors of y?
2, 13
Let s = 1121 + -639. What are the prime factors of s?
2, 241
Let u(p) = -4*p - 8 - 2*p + 7*p. Let g(m) = 2*m - 24. Let b(y) = 4*g(y) - 11*u(y). What are the prime factors of b(-9)?
19
What are the prime factors of (-102)/(-187) - (5642/11)/(-2)?
257
Let n = -6 + 11. Suppose 10 = 5*v - n*r, -4*v + v = 2*r - 6. What are the prime factors of 87/5 - v/5?
17
Let t(l) = -13 + 3*l + 4 + 0*l - 1 - 7. Let s = -13 - -26. List the prime factors of t(s).
2, 11
Suppose -37*q + 33*q = -32. Suppose -2*u - 2*u + 8 = 0. Suppose -102 = -u*n + q. List the prime factors of n.
5, 11
Let c = -78 - -78. Suppose -173 = -3*j + 5*m - c*m, j - 5*m - 71 = 0. What are the prime factors of j?
3, 17
Let j(k) = k**3 + 30*k**2 + 44*k + 10. List the prime factors of j(-9).
5, 263
List the prime factors of (-767400)/(-420) - 6/(-7).
2, 457
Suppose -1762 = -3*g + x, 5*g - 1758 = 2*g + 3*x. Suppose 0 = -0*n - 4*n + g. List the prime factors of n.
3, 7
Suppose -2*k = -359 - 373. List the prime factors of k.
2, 3, 61
Let i(l) = l**2 - 3*l - 7. Let u be i(9). Let f = 22 - -9. Let o = u - f. List the prime factors of o.
2
Let x(v) = -v**2 - 10*v - 12. Let n = 1 - 9. Let w be x(n). Suppose 23 + 17 = w*t. List the prime factors of t.
2, 5
Let m(a) = 23*a**2 + 3*a - 5. Let f be m(2). List the prime factors of (-2 - -1)*f/(-3).
31
Let i(p) = 2*p + 6. Let r be i(2). Let x(k) = k**2 - 3*k + 14. Let a be x(r). Let g = -9 + a. List the prime factors of g.
3, 5
Suppose j - 14 = -0*j. Suppose 5*w + 2 = 4*k + j, -5*k - 15 = -5*w. Suppose -u + 2*u - 22 = w. List the prime factors of u.
2, 11
Suppose 17*m + 1114 = 5500. What are the prime factors of m?
2, 3, 43
Suppose -4*u + 50 = -210. Suppose 7 = 4*k + 3. Suppose -4*q + u - k = 0. What are the prime factors of q?
2
Suppose -28*l - 180 = -43*l. Suppose v - 2*m = -45, 5*v = -0*v + 5*m - 200. Let b = l - v. What are the prime factors of b?
47
Let l(s) = -s**2. Let g(f) = -14*f**2 - f. Let t(q) = -g(q) - 2*l(q). What are the prime factors of t(-2)?
2, 31
Let i = -99 + 64. Let x = i - -69. What are the prime factors of x?
2, 17
Let m(w) = w**3 - 8*w**2 + 2*w - 10. Let t be m(8). Suppose -t*q + q + 115 = 0. Suppose -a + q - 3 = 0. List 